935 a multiple of 11?
True
Does 9 divide 180?
True
Is 2201 a multiple of 32?
False
Does 10 divide 5036?
False
Is 6 a factor of 120?
True
Is 296 a multiple of 37?
True
Is 5959 a multiple of 101?
True
Does 39 divide 6880?
False
Is 3 a factor of 1105?
False
Does 14 divide 519?
False
Is 21 a factor of 55713?
True
Is 8 a factor of 366?
False
Is 30 a factor of 750?
True
Is 35 a factor of 1925?
True
Does 14 divide 42?
True
Is 564 a multiple of 94?
True
Is 637 a multiple of 25?
False
Is 32 a factor of 28105?
False
Does 39 divide 584?
False
Does 67 divide 536?
True
Is 4750 a multiple of 95?
True
Does 33 divide 977?
False
Is 7631 a multiple of 71?
False
Is 2356 a multiple of 15?
False
Is 509 a multiple of 11?
False
Does 29 divide 1870?
False
Is 2712 a multiple of 24?
True
Is 226 a multiple of 3?
False
Is 582 a multiple of 2?
True
Is 8 a factor of 166?
False
Is 58 a factor of 1077?
False
Is 19 a factor of 2304?
False
Is 94 a multiple of 24?
False
Is 1600 a multiple of 100?
True
Does 83 divide 2075?
True
Does 20 divide 182702?
False
Is 19788 a multiple of 17?
True
Does 232 divide 108774?
False
Does 7 divide 181?
False
Is 12 a factor of 2076?
True
Is 10812 a multiple of 12?
True
Does 7 divide 56?
True
Is 80 a factor of 3801?
False
Does 5 divide 1149?
False
Is 26 a factor of 127713?
False
Does 12 divide 84?
True
Is 10 a factor of 3488?
False
Does 105 divide 25250?
False
Is 8 a factor of 3416?
True
Is 6024 a multiple of 8?
True
Is 68 a factor of 4760?
True
Does 29 divide 1885?
True
Does 43 divide 5676?
True
Is 24 even?
True
Is 2 a factor of 671?
False
Is 3914 a multiple of 19?
True
Does 32 divide 2145?
False
Is 1792 a multiple of 7?
True
Is 79 a factor of 40874?
False
Is 7 a factor of 20275?
False
Is 8 a factor of 2071?
False
Is 11 a factor of 177?
False
Is 6958 a multiple of 49?
True
Is 64 a factor of 1569?
False
Does 19 divide 27484?
False
Is 2730 a multiple of 7?
True
Does 21 divide 3486?
True
Is 4704 a multiple of 16?
True
Does 19 divide 802?
False
Does 7 divide 7344?
False
Is 3 a factor of 5406?
True
Does 28 divide 84980?
True
Is 6 a factor of 3214?
False
Is 312 a multiple of 39?
True
Does 159 divide 93897?
False
Is 516 a multiple of 12?
True
Is 1166 a multiple of 29?
False
Is 65 a factor of 1980?
False
Is 142 a factor of 9149?
False
Is 35 a factor of 3990?
True
Is 1922 a multiple of 15?
False
Is 18 a factor of 4320?
True
Is 52 a factor of 1070?
False
Does 8 divide 3926?
False
Does 11 divide 11592?
False
Does 5 divide 210?
True
Is 455 a multiple of 3?
False
Is 8 a factor of 9?
False
Is 4 a factor of 435?
False
Is 2 a factor of 6128?
True
Is 874 a multiple of 23?
True
Does 6 divide 732?
True
Is 1908 a multiple of 12?
True
Does 30 divide 5757?
False
Is 40 a factor of 21467?
False
Is 7 a factor of 7763?
True
Is 48 a factor of 2337?
False
Is 44 a factor of 440?
True
Is 141 a factor of 3824?
False
Is 896 a multiple of 14?
True
Is 58800 a multiple of 42?
True
Is 8990 a multiple of 31?
True
Is 13040 a multiple of 13?
False
Is 9 a factor of 2115?
True
Is 18 a factor of 1111?
False
Is 18 a factor of 324?
True
Is 876 a multiple of 18?
False
Is 17 a factor of 612?
True
Is 12 a factor of 731?
False
Is 2718 a multiple of 67?
False
Is 26 a factor of 6475?
False
Is 122121 a multiple of 9?
True
Is 27 a factor of 23484?
False
Is 154 a factor of 50666?
True
Does 10 divide 310?
True
Does 188 divide 41172?
True
Is 40746 a multiple of 40?
False
Is 12 a factor of 3888?
True
Is 16471 a multiple of 13?
True
Is 8 a factor of 6912?
True
Is 224 a multiple of 16?
True
Does 14 divide 206?
False
Does 11 divide 21417?
True
Is 123 a factor of 15894?
False
Is 12 a factor of 48?
True
Is 42 a factor of 28224?
True
Is 819 a multiple of 53?
False
Is 3536 a multiple of 17?
True
Is 144918 a multiple of 83?
True
Is 13308 a multiple of 43?
False
Is 386 a multiple of 8?
False
Is 100 a factor of 4952?
False
Is 760 a multiple of 38?
True
Is 6 a factor of 279?
False
Is 32 a factor of 1408?
True
Does 32 divide 31264?
True
Is 3146 a multiple of 13?
True
Is 168 a multiple of 84?
True
Is 15 a factor of 6405?
True
Is 7 a factor of 763?
True
Is 89 a factor of 19135?
True
Is 18 a factor of 594?
True
Does 57 divide 2736?
True
Is 2642 a multiple of 44?
False
Does 21 divide 8611?
False
Is 4 a factor of 3548?
True
Does 23 divide 989?
True
Is 15 a factor of 2640?
True
Does 33 divide 5808?
True
Does 31 divide 559?
False
Is 6424 a multiple of 22?
True
Does 32 divide 6628?
False
Does 83 divide 4691?
False
Is 9 a factor of 1875?
False
Is 9 a factor of 1776?
False
Is 61 a factor of 5429?
True
Does 10 divide 18480?
True
Does 43 divide 172?
True
Is 40 a factor of 1988?
False
Does 11 divide 228?
False
Is 18 a factor of 3456?
True
Is 154 a factor of 5390?
True
Is 2 a factor of 665?
False
Is 17773 a multiple of 35?
False
Is 31000 a multiple of 9?
False
Is 27 a factor of 12269?
False
Does 9 divide 1386?
True
Is 84 a factor of 12432?
True
Is 67 a factor of 134?
True
Does 49 divide 6811?
True
Is 504 a multiple of 24?
True
Does 53 divide 11660?
True
Is 556 a multiple of 26?
False
Is 1749 a multiple of 53?
True
Is 79 a factor of 790?
True
Does 25 divide 2575?
True
Is 11998 a multiple of 7?
True
Is 66 a factor of 29142?
False
Is 177 a factor of 1416?
True
Is 70 a factor of 1400?
True
Is 56 a factor of 454?
False
Is 7 a factor of 35?
True
Is 100 a multiple of 7?
False
Is 6 a factor of 107?
False
Does 9 divide 1404?
True
Is 5 a factor of 28115?
True
Does 15 divide 30?
True
Does 55 divide 1149?
False
Is 45893 a multiple of 30?
False
Is 28303 a multiple of 15?
False
Does 14 divide 64?
False
Does 3 divide 561?
True
Does 21 divide 29442?
True
Is 65 a factor of 4804?
False
Is 11312 a multiple of 202?
True
Is 67902 a multiple of 205?
False
Is 42 a factor of 14131?
False
Is 943 a multiple of 4?
False
Is 18 a factor of 198?
True
Does 12 divide 1772?
False
Is 1833 a multiple of 31?
False
Is 459 a multiple of 9?
True
Does 156 divide 3311?
False
Is 113 a factor of 7232?
True
Does 24 divide 469?
False
Does 3 divide 343?
False
Is 1848 a multiple of 14?
True
Does 10 divide 1400?
True
Does 50 divide 11500?
True
Is 2640 a multiple of 44?
True
Is 57 a factor of 4845?
True
Is 5 a factor of 225?
True
Is 698 a multiple of 66?
False
Is 3 a factor of 52?
False
Is 822 a multiple of 6?
True
Is 411 a multiple of 21?
False
Is 384 a multiple of 8?
True
Does 17 divide 1881?
False
Does 180 divide 2787?
False
Is 4 a factor of 338?
False
Is 14 a factor of 854?
True
Is 2403 a multiple of 45?
False
Does 24 divide 11060?
False
Does 5 divide 1471?
False
Does 43 divide 2924?
True
Does 5 divide 3075?
True
Does 75 divide 375?
True
Is 81267 a multiple of 83?
False
Is 9114 a multiple of 147?
True
Is 706 a multiple of 8?
False
Does 17 divide 7846?
False
Does 32 divide 1760?
True
Is 48 a multiple of 8?
True
Is 1531 a multiple of 5?
False
Does 23 divide 96673?
False
Does 2 divide 1284?
True
Is 17 a factor of 603?
False
Is 522 a multiple of 9?
True
Is 77 a factor of 1937?
False
Does 87 divide 22185?
True
Is 18 a factor of 2574?
True
Does 34 divide 497?
False
Is 6 a factor of 4038?
True
Does 30 divide 8520?
True
Does 107 divide 4671?
False
Is 9 a factor of 22725?
True
Is 22 a factor of 1606?
True
Is 8 a factor of 344?
True
Is 278 even?
True
Does 6 divide 144?
True
Does 163 divide 77751?
True
Is 18775 a multiple of 25?
True
Is 6 a factor of 26106?
True
Is 340 a multiple of 18?
False
Is 51 a factor of 4131?
True
Is 28 a factor of 1267?
False
Is 106 a factor of 149851?
False
Does 11 divide 34?
False
Is 150 a factor of 48150?
True
Is 3333 a multiple of 11?
True
Is 12 a factor of 5905?
False
Is 10 a factor of 2297?
False
Is 43 even?
False
Is 5 a factor of 32396?
False
Is 7 a multiple of 7?
True
Does 66 divide 11286?
True
Does 43 divide 388?
False
Is 401 a multiple of 11?
False
Does 27 divide 486?
True
Does 21 divide 4809?
True
Does 60 divide 542?
False
Is 86 a factor of 5791?
False
Is 114 a factor of 7296?
True
Does 13 divide 106912?
True
Does 6 divide 510?
True
Is 568 a multiple of 9?
False
Does 37 divide 1184?
True
Is 13 a factor of 143?
True
Does 19 divide 6846?
False
Is 48295 a multiple of 65?
True
Is 22 a factor of 17364?
False
Is 7 a factor of 211?
False
Is 11 a factor of 7194?
True
Does 302 divide 78930?
False
Is 352 a multiple of 44?
True
Is 18 a factor of 582?
F